What is l(p)?
5
Let f(d) be the second derivative of -d**4/12 - d**3/6 + d**2/2 - 5*d. Give f(1).
-1
Let t(s) = -s**3 - s - 6. Let x be (-2)/3 + (-2)/(-3). Calculate t(x).
-6
Let g = 8 + -12. Let w(t) = t - 6. Let b be w(8). Let j be 1/(-2)*g - b. Let c(d) = d**2 - 9. Give c(j).
-9
Let g be (-2)/8 + (-1)/(-4). Suppose 5*f - 37 = -p, -3*f - p + 15 = 2*p. Suppose -2*n - f = g, 4*n + 0*n = 5*z - 21. Let l(r) = 4*r**2 - r. Give l(z).
3
Let v(h) = 2*h + 1. Suppose 0 = 6*g - 3 - 3. Determine v(g).
3
Suppose 3*v + 16 = 5*v + 4*m, 0 = v + 3*m - 13. Let a be (3 - 6) + v + 4. Let t(p) = 7*p**3 - p - 1. What is t(a)?
-7
Let z(r) = 4*r - r**3 - 4*r**2 - 2*r**3 + 6 + 2*r**3. Let i(c) = -4*c**3 + c**2 - c. Suppose 4*q - 2*s - 5 = -s, -4*s = 4*q. Let o be i(q). Determine z(o).
-10
Let o be 0 + (-4 - (-3 + 0)). Let m(q) be the third derivative of -q**2 + 0*q + 0*q**4 + 0*q**3 + 0*q**5 + 0 - 1/40*q**6. Calculate m(o).
3
Let b be (-9)/(-7) - (24/14)/6. Suppose 3*j + 0*j - 21 = -3*a, a - 13 = -4*j. Let n(c) = b - 2*c + c**2 - 5*c + 5*c - 4*c**j. Determine n(1).
-4
Suppose -5*n = 3*z + 13, 2*z + 2*n = -0*n - 2. Suppose -5*c - 2*o = -2*c - 1, z*o - 12 = 4*c. Let s(t) = -14*t. What is s(c)?
14
Let c(w) = -w**2 + 12*w - 4. Let p be c(12). Let u(b) = -b**3 - 3*b**2 + 3*b + 3. Calculate u(p).
7
Let m = 8 + -8. Let l(j) = 5*j - 3. Let y(z) be the third derivative of -z**4/24 - z**3/6 - z**2. Let o(u) = -l(u) - 4*y(u). Determine o(m).
7
Let j be (1*-1*1/(-1))/1. Let w(z) = 3 + 0*z - 4 + z + 7*z**3. Give w(j).
7
Let u(i) = -i + 3*i + 3*i**3 - 4*i**3. Suppose -5*r + 33 = -3*j, -4*r + 5 = j - 18. Suppose z + 0*g + 2 = -3*g, -4*g = -3*z - r. Calculate u(z).
4
Let r(y) = y**3 + 10*y**2 + 10*y + 7. Let f(q) = q**3 - 6*q**2 - 19*q + 15. Let o be f(8). Determine r(o).
-2
Let h(g) = 5 + g**3 + 2*g**2 - 1 + 8*g - 4 + 2. Let i(u) = u**2 + u. Let c(a) = -h(a) + 6*i(a). What is c(2)?
2
Let r be 8/(-2)*-4 + 2. Let q(t) = t**3 - t**2 - t - 96. Let g be q(0). Let w be 1/3 + g/r. Let f(k) = -k - 5. Determine f(w).
0
Let z(w) be the third derivative of w**6/120 - w**5/10 - w**4/8 + w**3 - 4*w**2. Determine z(6).
-12
Let q(f) = -10*f**2 - 1 - 18*f**2 + 25*f**2 - 2*f. Calculate q(-1).
-2
Let v(a) = a**3 - 4*a**2 + 2*a. Let k be v(3). Let q(i) be the first derivative of 1/3*i**3 + 1/4*i**4 + i - 3/2*i**2 + 2. Calculate q(k).
-8
Let v(c) = -7*c + 1. Suppose 49*j - 47*j - 2 = 0. Give v(j).
-6
Suppose 5*l + 4*x + 2 = 0, -2*l - 3*x - 8 = x. Let f(k) be the first derivative of -6*k**2 + 1 + l*k**2 + 3*k**2 - 2*k. Calculate f(-4).
6
Suppose 9 = -3*h - 6. Suppose -t - t + 6 = 0. Let z(u) = -u**2 + 6 - u**3 - 3 + 6*u - t*u**2. Calculate z(h).
-2
Let y(o) = -2*o + 6. Let h be y(5). Let g(b) = b**2 + 3*b - 4. Calculate g(h).
0
Let i(q) = q**2 + q + 1. Let h(b) = b**3 + 8*b**2 - 2*b + 1 + 0*b**2 - 3*b**2 - 2*b. Let s(j) = -h(j) + 2*i(j). Calculate s(-4).
-7
Let b(a) = 9*a**2 - a. Suppose -4*i + 8 = 0, 2*t - 5*t - i - 1 = 0. Calculate b(t).
10
Let b(u) = 4*u**3 + 1. Let y be ((-20)/30)/(4/6). Determine b(y).
-3
Let u(y) = 5*y - 5. Let h(r) = 4*r - 4. Let x(q) = 4*h(q) - 5*u(q). Let s(z) = 4*z - 4. Let c(o) = -7*s(o) - 3*x(o). What is c(-1)?
2
Let g(o) = 2 + 0*o + 2*o**3 - o**3 + 2*o + 5*o**2. Let y = -649 + 644. Determine g(y).
-8
Suppose 5*b - 7 = -27. Suppose 16 + 12 = 4*k - 4*l, 0 = -3*k + 4*l + 26. Let r(f) = -1 - 3 + 2 + k*f - f. Determine r(b).
-6
Let n(y) be the first derivative of -2*y**3/3 + y**2 - 3*y - 8. Let r(q) be the first derivative of n(q). Determine r(-4).
18
Let o(x) = -2*x - 1. Let w be o(-2). Let r = -1 + w. Let q(u) = r*u**2 - 5*u**2 - u - 2*u**2. Calculate q(-1).
-4
Suppose -3*v + 5*o + 37 = 0, -2*o - 2 = 2*v - 0. Let s(r) be the second derivative of -2/3*r**3 - 1/20*r**5 - r - 2*r**2 + 0 + 5/12*r**v. Give s(4).
-4
Let w(n) = -31*n**2 + 2*n. Let j(p) = -15*p**2 + p. Let v(l) = -5*j(l) + 3*w(l). Give v(1).
-17
Let y be 2/4 + 1/2. Let m be 1/(y + 1 + -1). Let i(h) = -h**3 + 3*h**2 + 3 + m + 2*h**3. What is i(-3)?
4
Let s(t) = -4*t + 10. Let q(p) = 3*p - 9. Let z(c) = 6*q(c) + 5*s(c). Suppose -3*r = 3*l + l + 31, 5*r + 25 = 0. Let f = l + 0. Determine z(f).
4
Let k = -3 + 2. Let c(g) be the first derivative of g**5/20 - g**4/6 - g**3/3 - g**2/2 - g + 1. Let h(b) be the first derivative of c(b). Determine h(k).
-2
Suppose -6 = -0*r - 3*r. Suppose 0 = r*u + 2*b - 8, -3*u = -3*b + 3 - 9. Let a(d) = -d**2 - 5 - 2*d**2 + 4*d**2 + u*d. What is a(-5)?
5
Suppose 0 = -6*p - 27 - 3. Let a(f) = 2*f + 11. Give a(p).
1
Let q(g) be the third derivative of -5*g**4/24 - g**3/3 + 5*g**2. Determine q(-2).
8
Let s(n) be the third derivative of -n**6/120 + n**5/15 + n**4/12 + n**3/3 + 2*n**2. What is s(5)?
-13
Let n be ((-7)/(-2) - 2)*4. Let f(r) = -r**3 + 7*r**2 - 8*r + 6. Calculate f(n).
-6
Let m = 14 + -10. Let z(b) = b**2 - 3*b - 5. What is z(m)?
-1
Let p(c) be the first derivative of -c**3/3 - 7*c**2/2 - 2*c - 4. Let j be ((-2)/4)/((-1)/12). Suppose -j = 4*d - 3*d. Give p(d).
4
Let a(c) = -5*c**2 - 15*c - 7. Let m(g) = -2*g**2 - 4*g**2 - 3*g**2 - 4 + 6*g**2 - 8*g. Let l(n) = 4*a(n) - 7*m(n). Give l(4).
0
Let v(h) = h + 0*h + 0*h + 6*h**2 - h**3 + 3 - 7*h**2. Calculate v(-3).
18
Let p = 2 - -2. Let c(m) = -m. What is c(p)?
-4
Let u(w) = -3*w + 3. Suppose p + 4 = -5*v + 4*v, 0 = 2*p - v + 5. Let b be 16/6*p/(-2). Calculate u(b).
-9
Let r be 34*4/8 - 2. Let v = r + -20. Let m(z) = 0*z**2 - 3*z - 3 - 3*z - z**2. What is m(v)?
2
Suppose 2*a = -8, -x + 17 = -4*a - 9. Let q = 16 - x. Let b be q/(-10) + 12/(-30). Let s(m) = -5*m - 1. Calculate s(b).
4
Suppose -3*q + 8 = -4. Let o(c) = 5*c - 5. Give o(q).
15
Let o(f) = -f**3 - f. Let b be (4/6)/((-10)/15). What is o(b)?
2
Let h(l) = -7*l**3 + 9*l**2 - 9*l - 4. Let w(k) = 15*k**3 - 19*k**2 + 19*k + 9. Let m(q) = -13*h(q) - 6*w(q). Let j be m(2). Let s(n) = n - 2. Determine s(j).
-2
Let h be 1/(1*(-3)/(-9)). Let p(i) = 0*i**h - i**3 + 0*i**3 + 4*i**2 + 5. Let u = 11 - 7. Determine p(u).
5
Suppose -2*h - h - 14 = -4*n, 0 = -h + 5*n - 23. Let r(v) = -7 - 4*v - v**h + 4 + 0*v. Let u be ((-10)/3)/(6/9). Give r(u).
-8
Let q(r) be the first derivative of -r**4/4 - r**3/3 + 3*r**2/2 - 3*r - 6. Determine q(-3).
6
Let i(w) = -w + 1. Let o(p) = 6*p - 8. Let v(z) = -12*z + 17. Let d(y) = -5*o(y) - 3*v(y). Let n(f) = -d(f) - 5*i(f). Calculate n(0).
6
Let j(f) = f + 3. Suppose -2*n - 24 = -4*q - 8, -5*q = -5*n - 30. Determine j(n).
-1
Let u(x) = 2*x + 9. Let c be u(-6). Let g be -5*(c + (-27)/(-15)). Let h(z) = -z**3 + 7*z**2 - 6*z + 4. Give h(g).
4
Let v(r) = 4 - 2 - 8*r**2 - 7*r - r**3 + 3 + 1. Determine v(-7).
6
Let a(m) = -m + 1. Let q(u) = -u**3 + 4*u**2 + 4. Let b(l) = 2*a(l) + q(l). Give b(4).
-2
Let s(o) = o + 10. Let m be s(-8). Let z(p) = -p - m*p**2 - 9*p**3 - p**3 + p**2. Calculate z(-1).
10
Suppose 5*k - 15 = -0*k. Let b(w) = 2 + w - 16*w**3 + 1 + 15*w**k + w**2. What is b(3)?
-12
Let d(f) = f + 5. Let s(c) = c + 6. Suppose -10 = h + h. Let y(p) = h*s(p) + 6*d(p). Calculate y(0).
0
Let q(n) = -n**2 + 3*n. Suppose -16 = -5*g + g. What is q(g)?
-4
Suppose -35 = 5*w + 5*p, 0*p + 2*p + 19 = -3*w. Let m = w + 0. Let l(a) be the second derivative of a**5/20 + 5*a**4/12 - a**3/6 + a**2/2 + 2*a. Calculate l(m).
6
Let j(f) = -3*f + 4. Let s(y) = y. Let m(c) = -j(c) - s(c). What is m(3)?
2
Suppose -3*v - 1 = 2. Let p = v - -8. Let k(l) = -l + 4. What is k(p)?
-3
Let f(r) = -r**2 + 7*r - 6. Let a = 17 - 12. Determine f(a).
4
Let g(w) = -w**3 - 4*w**2 - w - 2. Suppose 8 = 9*z - 11*z. Calculate g(z).
2
Let y(u) be the first derivative of u**4/4 - u**3/3 + u**2 - 2*u + 13. What is y(2)?
6
Let v be (9/(-6))/((-3)/6). Let b(i) = 3*i - 2 + 1 - i**3 - 2 + 2*i**2. Determine b(v).
-3
Let o(p) = -1 + 7*p - 3*p - 1 - 2*p**2. Suppose 0*q + 4*q - d - 10 = 0, 0 = -q - 3*d + 9. Give o(q).
-8
Let u be (56/10)/(8/100). Let g(m) = -3*m + 77 - u + 2*m. Let h(c) = c**2 + 2*c. Let r be h(-2). Calculate g(r).
7
Let m(s) be the third derivative of -s**4/24 - 5*s**3/6 - 24*s**2. Suppose -9 = 3*d + 2*c, 4*d + 5*c = -1 - 4. Give m(d).
0
Let d(m) = m - 7. Suppose 0 = 10*g - 15*g + 25. What is d(g)?
-2
Let w = 9 + -14. Let u(q) be the third derivative of q**4/24 + q**3/2 + q**2. What is u(w)?
-2
Let u(z) be the first derivative of -z**4/12 - 4*z - 1. Let n(s) be the first derivative of u(s).